{"id":45,"date":"2025-02-05T11:42:41","date_gmt":"2025-02-05T10:42:41","guid":{"rendered":"https:\/\/saludable.puertodelacruz.es\/?page_id=45"},"modified":"2025-02-12T00:40:09","modified_gmt":"2025-02-11T23:40:09","slug":"compromiso","status":"publish","type":"page","link":"https:\/\/saludable.puertodelacruz.es\/?page_id=45","title":{"rendered":"Compromiso"},"content":{"rendered":"\n<div class=\"wp-block-uagb-advanced-heading uagb-block-f74c1971\"><h2 class=\"uagb-heading-text\">Sesi\u00f3n de la junta de gobierno local extraordinaria el d\u00eda 19 de mayo de 2020 (expediente 5472\/2020) adhesi\u00f3n a la estrategia de promoci\u00f3n de la salud y prevenci\u00f3n en el Sistema Nacional de Salud<\/h2><\/div>\n\n\n\n<div class=\"wp-block-uagb-separator uagb-block-4dda2f6b\"><div class=\"uagb-separator-spacing-wrapper\"><div class=\"wp-block-uagb-separator__inner\" style=\"--my-background-image:\"><\/div><\/div><\/div>\n\n\n\n<div class=\"wp-block-uagb-container uagb-block-ce3bc5ad alignfull uagb-is-root-container\"><div class=\"uagb-container-inner-blocks-wrap\">\n<div class=\"wp-block-uagb-container uagb-block-175ce473\">\n<div class=\"wp-block-uagb-image uagb-block-14af3033 wp-block-uagb-image--layout-default wp-block-uagb-image--effect-static wp-block-uagb-image--align-none\"><figure class=\"wp-block-uagb-image__figure\"><img decoding=\"async\" srcset=\"https:\/\/saludable.puertodelacruz.es\/wp-content\/uploads\/2025\/02\/Captura-de-pantalla-2025-02-05-174734-1024x619.png ,https:\/\/saludable.puertodelacruz.es\/wp-content\/uploads\/2025\/02\/Captura-de-pantalla-2025-02-05-174734.png 780w, https:\/\/saludable.puertodelacruz.es\/wp-content\/uploads\/2025\/02\/Captura-de-pantalla-2025-02-05-174734.png 360w\" sizes=\"auto, (max-width: 480px) 150px\" src=\"https:\/\/saludable.puertodelacruz.es\/wp-content\/uploads\/2025\/02\/Captura-de-pantalla-2025-02-05-174734-1024x619.png\" alt=\"\" class=\"uag-image-132\" width=\"1024\" height=\"619\" title=\"Captura de pantalla 2025-02-05 174734\" loading=\"lazy\" role=\"img\"\/><\/figure><\/div>\n<\/div>\n\n\n\n<div class=\"wp-block-uagb-container uagb-block-f3647f4f\">\n<div class=\"wp-block-uagb-advanced-heading uagb-block-2267daa1\"><h1 class=\"uagb-heading-text\"><strong><mark style=\"background-color:rgba(0, 0, 0, 0)\" class=\"has-inline-color has-theme-palette-7-color\">Por unanimidad de sus miembros se\u00a0 ACUERDA<\/mark><\/strong><\/h1><\/div>\n\n\n\n<div class=\"wp-block-uagb-advanced-heading uagb-block-43366190\"><h2 class=\"uagb-heading-text\">Aprobar la adhesi\u00f3n a la Estrategia de Promoci\u00f3n de la Salud y Prevenci\u00f3n en el Sistema Nacional de Salud\u00a0 <br><br>Avanzar en la constituci\u00f3n de una mesa intersectorial en el municipio como instrumento de colaboraci\u00f3n entre sectores para ganar salud en un marco de salud en todas las pol\u00edticas.<br><br>Designar un coordinador\/a para la implantaci\u00f3n local de la estrategia.<br><br>Facilitar la informaci\u00f3n de los recursos comunitarios disponibles a fin de mejorar la salud y la calidad de la vida de las personas que forman parte de la comunidad.<\/h2><\/div>\n<\/div>\n<\/div><\/div>\n\n\n\n<div class=\"wp-block-uagb-separator uagb-block-8eb7768c\"><div class=\"uagb-separator-spacing-wrapper\"><div class=\"wp-block-uagb-separator__inner\" style=\"--my-background-image:\"><\/div><\/div><\/div>\n\n\n\n<div class=\"wp-block-uagb-container uagb-block-634faec7 alignfull uagb-is-root-container\"><div class=\"uagb-container-inner-blocks-wrap\"><\/div><\/div>\n\n\n\n<div class=\"wp-block-uagb-separator uagb-block-75568288\"><div class=\"uagb-separator-spacing-wrapper\"><div class=\"wp-block-uagb-separator__inner\" style=\"--my-background-image:\"><\/div><\/div><\/div>\n\n\n\n<div class=\"wp-block-uagb-advanced-heading uagb-block-1c721e16\"><h2 class=\"uagb-heading-text\">Red Canaria de Ciudades Saludables<\/h2><\/div>\n\n\n\n<div class=\"wp-block-uagb-separator uagb-block-23438195\"><div class=\"uagb-separator-spacing-wrapper\"><div class=\"wp-block-uagb-separator__inner\" style=\"--my-background-image:\"><\/div><\/div><\/div>\n\n\n\n<div class=\"wp-block-uagb-container uagb-block-ff68eaf4 alignfull uagb-is-root-container\"><div class=\"uagb-container-inner-blocks-wrap\">\n<div class=\"wp-block-uagb-container uagb-block-7ec3d720\">\n<div class=\"wp-block-uagb-advanced-heading uagb-block-c567388b\"><h1 class=\"uagb-heading-text\"><strong><mark style=\"background-color:rgba(0, 0, 0, 0)\" class=\"has-inline-color has-theme-palette-7-color\"><mark style=\"background-color:rgba(0, 0, 0, 0)\" class=\"has-inline-color has-theme-palette-4-color\"><strong>Y en referencia a la red canaria:<\/strong><\/mark><\/mark><\/strong><\/h1><\/div>\n\n\n\n<div class=\"wp-block-uagb-advanced-heading uagb-block-de77b733\"><h2 class=\"uagb-heading-text\">Presentaci\u00f3n p\u00fablica del compromiso adquirido por los representantes pol\u00edticos de las Islas y los Municipios de Canarias, en su adhesi\u00f3n a la Estrategia de Promoci\u00f3n de la Salud y Prevenci\u00f3n, para hacer part\u00edcipe a la comunidad.<br><br>Aprobaci\u00f3n de la adhesi\u00f3n a la Estrategia de Promoci\u00f3n de la Salud y Prevenci\u00f3n por parte del Pleno Municipal.<br><br>Nombramiento de un\/a Coordinador\/a de la Implementaci\u00f3n Local de la Estrategia de Promoci\u00f3n de la Salud y Prevenci\u00f3n.<br><br>Establecimiento de un cronograma, que recoja las acciones de la Implementaci\u00f3n Local.<\/h2><\/div>\n<\/div>\n\n\n\n<div class=\"wp-block-uagb-container uagb-block-31f655d0\"><div class=\"wp-block-image\">\n<figure class=\"aligncenter size-full\"><a href=\"https:\/\/www3.gobiernodecanarias.org\/sanidad\/scs\/listaImagenes.jsp?idCarpeta=a0b57764-cbac-11e7-9918-b77912148850&amp;idDocument=d332db32-cae0-11e7-9ea5-b9b8b4166b63\"><img loading=\"lazy\" decoding=\"async\" width=\"348\" height=\"493\" src=\"https:\/\/saludable.puertodelacruz.es\/wp-content\/uploads\/2025\/02\/7a8b70_8bc5243b23c140669ee306facb7dffa4mv2-e1738794200171.png\" alt=\"\" class=\"wp-image-142\" srcset=\"https:\/\/saludable.puertodelacruz.es\/wp-content\/uploads\/2025\/02\/7a8b70_8bc5243b23c140669ee306facb7dffa4mv2-e1738794200171.png 348w, https:\/\/saludable.puertodelacruz.es\/wp-content\/uploads\/2025\/02\/7a8b70_8bc5243b23c140669ee306facb7dffa4mv2-e1738794200171-212x300.png 212w\" sizes=\"auto, (max-width: 348px) 100vw, 348px\" \/><\/a><\/figure>\n<\/div>\n\n\n<div class=\"wp-block-uagb-advanced-heading uagb-block-97ed7088\"><h1 class=\"uagb-heading-text\"><strong><mark style=\"background-color:rgba(0, 0, 0, 0)\" class=\"has-inline-color has-theme-palette-7-color\"><mark style=\"background-color:rgba(0, 0, 0, 0)\" class=\"has-inline-color has-theme-palette-4-color\"><strong><strong>Estrategia Canaria <\/strong><br><strong>\u00abIslas y Municipios Promotores de la Salud\u00bb<\/strong><\/strong><\/mark><\/mark><\/strong><\/h1><\/div>\n<\/div>\n<\/div><\/div>\n\n\n\n<div class=\"wp-block-uagb-separator uagb-block-3c76eefd\"><div class=\"uagb-separator-spacing-wrapper\"><div class=\"wp-block-uagb-separator__inner\" style=\"--my-background-image:\"><\/div><\/div><\/div>\n\n\n\n<div class=\"wp-block-uagb-container uagb-block-b331be73 alignfull uagb-is-root-container\"><div class=\"uagb-container-inner-blocks-wrap\"><\/div><\/div>\n\n\n\n<div class=\"wp-block-uagb-separator uagb-block-dbcf48d7\"><div class=\"uagb-separator-spacing-wrapper\"><div class=\"wp-block-uagb-separator__inner\" style=\"--my-background-image:\"><\/div><\/div><\/div>\n\n\n\n<div class=\"wp-block-uagb-advanced-heading uagb-block-20b50e0f\"><h2 class=\"uagb-heading-text\">Estrategia de Salud Counitaria en Atenci\u00f3n Primaria (2024-2025)<\/h2><\/div>\n\n\n\n<div class=\"wp-block-uagb-separator uagb-block-8f777209\"><div class=\"uagb-separator-spacing-wrapper\"><div class=\"wp-block-uagb-separator__inner\" style=\"--my-background-image:\"><\/div><\/div><\/div>\n\n\n\n<div class=\"wp-block-uagb-container uagb-block-4828c57d alignfull uagb-is-root-container\"><div class=\"uagb-container-inner-blocks-wrap\">\n<div class=\"wp-block-uagb-container uagb-block-f2ccb238\">\n<div class=\"wp-block-uagb-image uagb-block-303bcf9b wp-block-uagb-image--layout-default wp-block-uagb-image--effect-static wp-block-uagb-image--align-none\"><figure class=\"wp-block-uagb-image__figure\"><a class=\"\" href=\"https:\/\/www3.gobiernodecanarias.org\/sanidad\/scs\/content\/3d170247-013f-11ef-a2b0-b90a111b9f7d\/SaludComunitariaCompleto.pdf\" target=\"\" rel=\"noopener\"><img decoding=\"async\" srcset=\"https:\/\/saludable.puertodelacruz.es\/wp-content\/uploads\/2025\/02\/Captura-de-pantalla-2025-02-05-180930-723x1024.png ,https:\/\/saludable.puertodelacruz.es\/wp-content\/uploads\/2025\/02\/Captura-de-pantalla-2025-02-05-180930.png 780w, https:\/\/saludable.puertodelacruz.es\/wp-content\/uploads\/2025\/02\/Captura-de-pantalla-2025-02-05-180930.png 360w\" sizes=\"auto, (max-width: 480px) 150px\" src=\"https:\/\/saludable.puertodelacruz.es\/wp-content\/uploads\/2025\/02\/Captura-de-pantalla-2025-02-05-180930-723x1024.png\" alt=\"\" class=\"uag-image-153\" width=\"723\" height=\"1024\" title=\"Captura de pantalla 2025-02-05 180930\" loading=\"lazy\" role=\"img\"\/><\/a><\/figure><\/div>\n<\/div>\n\n\n\n<div class=\"wp-block-uagb-container uagb-block-d0d36658\">\n<div class=\"wp-block-uagb-advanced-heading uagb-block-8fead802\"><h2 class=\"uagb-heading-text\">Objetivo general<\/h2><\/div>\n\n\n\n<div class=\"wp-block-uagb-advanced-heading uagb-block-73165000\"><h2 class=\"uagb-heading-text\">Reforzar la orientaci\u00f3n comunitaria en AP, para avanzar en el desarrollo de enfoques preventivos para la promoci\u00f3n de la salud y el despliegue de iniciativas de participaci\u00f3n comunitaria, en colaboraci\u00f3n con la Direcci\u00f3n General de Salud P\u00fablica, el entorno local y otros sectores, como el social y el educativo.<\/h2><\/div>\n\n\n\n<div class=\"wp-block-uagb-advanced-heading uagb-block-1d1ac162\"><h2 class=\"uagb-heading-text\">Objetivo espec\u00edficos<\/h2><\/div>\n\n\n\n<div class=\"wp-block-uagb-advanced-heading uagb-block-363003b7\"><h2 class=\"uagb-heading-text\">1. Implementar las medidas organizativas necesarias para integrar la orientaci\u00f3n comunitaria en la actividad habitual de la AP de forma que su desarrollo sea sistem\u00e1tico.<br>2. Desarrollar los tres niveles de orientaci\u00f3n comunitaria desde AP con un enfoque de equidad y considerando los determinantes sociales de la salud: abordaje biopsicosocial, educaci\u00f3n para la salud y acci\u00f3n comunitaria.<br>3. Promover la disponibilidad de los recursos y herramientas necesarios para el desarrollo de la Estrategia de Salud Comunitaria en Atenci\u00f3n Primaria.<br>4. Definir el marco de desarrollo del Programa Formativo en salud comunitaria dirigido a los profesionales de AP.<\/h2><\/div>\n<\/div>\n<\/div><\/div>\n\n\n\n<div class=\"wp-block-uagb-separator uagb-block-03c4b32a\"><div class=\"uagb-separator-spacing-wrapper\"><div class=\"wp-block-uagb-separator__inner\" style=\"--my-background-image:\"><\/div><\/div><\/div>\n\n\n\n<div class=\"wp-block-uagb-container uagb-block-e8bbd391 alignfull uagb-is-root-container\"><div class=\"uagb-container-inner-blocks-wrap\"><\/div><\/div>\n","protected":false},"excerpt":{"rendered":"<p>Sesi\u00f3n de la junta de gobierno local extraordinaria el d\u00eda 19 de mayo de 2020 (expediente 5472\/2020) adhesi\u00f3n a la estrategia de promoci\u00f3n de la salud y prevenci\u00f3n en el Sistema Nacional de Salud Por unanimidad de sus miembros se\u00a0 ACUERDA Aprobar la adhesi\u00f3n a la Estrategia de Promoci\u00f3n de la Salud y Prevenci\u00f3n en&#8230;<\/p>\n","protected":false},"author":1,"featured_media":0,"parent":0,"menu_order":0,"comment_status":"closed","ping_status":"closed","template":"","meta":{"_uag_custom_page_level_css":"","_kad_post_transparent":"","_kad_post_title":"","_kad_post_layout":"","_kad_post_sidebar_id":"","_kad_post_content_style":"","_kad_post_vertical_padding":"","_kad_post_feature":"","_kad_post_feature_position":"","_kad_post_header":false,"_kad_post_footer":false,"footnotes":""},"class_list":["post-45","page","type-page","status-publish","hentry"],"uagb_featured_image_src":{"full":false,"thumbnail":false,"medium":false,"medium_large":false,"large":false,"1536x1536":false,"2048x2048":false},"uagb_author_info":{"display_name":"admin","author_link":"https:\/\/saludable.puertodelacruz.es\/?author=1"},"uagb_comment_info":0,"uagb_excerpt":"Sesi\u00f3n de la junta de gobierno local extraordinaria el d\u00eda 19 de mayo de 2020 (expediente 5472\/2020) adhesi\u00f3n a la estrategia de promoci\u00f3n de la salud y prevenci\u00f3n en el Sistema Nacional de Salud Por unanimidad de sus miembros se\u00a0 ACUERDA Aprobar la adhesi\u00f3n a la Estrategia de Promoci\u00f3n de la Salud y Prevenci\u00f3n en...","_links":{"self":[{"href":"https:\/\/saludable.puertodelacruz.es\/index.php?rest_route=\/wp\/v2\/pages\/45","targetHints":{"allow":["GET"]}}],"collection":[{"href":"https:\/\/saludable.puertodelacruz.es\/index.php?rest_route=\/wp\/v2\/pages"}],"about":[{"href":"https:\/\/saludable.puertodelacruz.es\/index.php?rest_route=\/wp\/v2\/types\/page"}],"author":[{"embeddable":true,"href":"https:\/\/saludable.puertodelacruz.es\/index.php?rest_route=\/wp\/v2\/users\/1"}],"replies":[{"embeddable":true,"href":"https:\/\/saludable.puertodelacruz.es\/index.php?rest_route=%2Fwp%2Fv2%2Fcomments&post=45"}],"version-history":[{"count":91,"href":"https:\/\/saludable.puertodelacruz.es\/index.php?rest_route=\/wp\/v2\/pages\/45\/revisions"}],"predecessor-version":[{"id":440,"href":"https:\/\/saludable.puertodelacruz.es\/index.php?rest_route=\/wp\/v2\/pages\/45\/revisions\/440"}],"wp:attachment":[{"href":"https:\/\/saludable.puertodelacruz.es\/index.php?rest_route=%2Fwp%2Fv2%2Fmedia&parent=45"}],"curies":[{"name":"wp","href":"https:\/\/api.w.org\/{rel}","templated":true}]}}

<div class="wp-block-uagb-advanced-heading uagb-block-f74c1971"><h2 class="uagb-heading-text">Sesión de la junta de gobierno local extraordinaria el día 19 de mayo de 2020 (expediente 5472/2020) adhesión a la estrategia de promoción de la salud y prevención en el Sistema Nacional de Salud</h2></div>



<div class="wp-block-uagb-separator uagb-block-4dda2f6b"><div class="uagb-separator-spacing-wrapper"><div class="wp-block-uagb-separator__inner" style="--my-background-image:"></div></div></div>



<div class="wp-block-uagb-container uagb-block-ce3bc5ad alignfull uagb-is-root-container"><div class="uagb-container-inner-blocks-wrap">
<div class="wp-block-uagb-container uagb-block-175ce473">
<div class="wp-block-uagb-image uagb-block-14af3033 wp-block-uagb-image--layout-default wp-block-uagb-image--effect-static wp-block-uagb-image--align-none"><figure class="wp-block-uagb-image__figure"><img decoding="async" srcset="https://saludable.puertodelacruz.es/wp-content/uploads/2025/02/Captura-de-pantalla-2025-02-05-174734-1024x619.png ,https://saludable.puertodelacruz.es/wp-content/uploads/2025/02/Captura-de-pantalla-2025-02-05-174734.png 780w, https://saludable.puertodelacruz.es/wp-content/uploads/2025/02/Captura-de-pantalla-2025-02-05-174734.png 360w" sizes="auto, (max-width: 480px) 150px" src="https://saludable.puertodelacruz.es/wp-content/uploads/2025/02/Captura-de-pantalla-2025-02-05-174734-1024x619.png" alt="" class="uag-image-132" width="1024" height="619" title="Captura de pantalla 2025-02-05 174734" loading="lazy" role="img"/></figure></div>
</div>



<div class="wp-block-uagb-container uagb-block-f3647f4f">
<div class="wp-block-uagb-advanced-heading uagb-block-2267daa1"><h1 class="uagb-heading-text"><strong><mark style="background-color:rgba(0, 0, 0, 0)" class="has-inline-color has-theme-palette-7-color">Por unanimidad de sus miembros se  ACUERDA</mark></strong></h1></div>



<div class="wp-block-uagb-advanced-heading uagb-block-43366190"><h2 class="uagb-heading-text">Aprobar la adhesión a la Estrategia de Promoción de la Salud y Prevención en el Sistema Nacional de Salud  <br><br>Avanzar en la constitución de una mesa intersectorial en el municipio como instrumento de colaboración entre sectores para ganar salud en un marco de salud en todas las políticas.<br><br>Designar un coordinador/a para la implantación local de la estrategia.<br><br>Facilitar la información de los recursos comunitarios disponibles a fin de mejorar la salud y la calidad de la vida de las personas que forman parte de la comunidad.</h2></div>
</div>
</div></div>



<div class="wp-block-uagb-separator uagb-block-8eb7768c"><div class="uagb-separator-spacing-wrapper"><div class="wp-block-uagb-separator__inner" style="--my-background-image:"></div></div></div>



<div class="wp-block-uagb-container uagb-block-634faec7 alignfull uagb-is-root-container"><div class="uagb-container-inner-blocks-wrap"></div></div>



<div class="wp-block-uagb-separator uagb-block-75568288"><div class="uagb-separator-spacing-wrapper"><div class="wp-block-uagb-separator__inner" style="--my-background-image:"></div></div></div>



<div class="wp-block-uagb-advanced-heading uagb-block-1c721e16"><h2 class="uagb-heading-text">Red Canaria de Ciudades Saludables</h2></div>



<div class="wp-block-uagb-separator uagb-block-23438195"><div class="uagb-separator-spacing-wrapper"><div class="wp-block-uagb-separator__inner" style="--my-background-image:"></div></div></div>



<div class="wp-block-uagb-container uagb-block-ff68eaf4 alignfull uagb-is-root-container"><div class="uagb-container-inner-blocks-wrap">
<div class="wp-block-uagb-container uagb-block-7ec3d720">
<div class="wp-block-uagb-advanced-heading uagb-block-c567388b"><h1 class="uagb-heading-text"><strong><mark style="background-color:rgba(0, 0, 0, 0)" class="has-inline-color has-theme-palette-7-color"><mark style="background-color:rgba(0, 0, 0, 0)" class="has-inline-color has-theme-palette-4-color"><strong>Y en referencia a la red canaria:</strong></mark></mark></strong></h1></div>



<div class="wp-block-uagb-advanced-heading uagb-block-de77b733"><h2 class="uagb-heading-text">Presentación pública del compromiso adquirido por los representantes políticos de las Islas y los Municipios de Canarias, en su adhesión a la Estrategia de Promoción de la Salud y Prevención, para hacer partícipe a la comunidad.<br><br>Aprobación de la adhesión a la Estrategia de Promoción de la Salud y Prevención por parte del Pleno Municipal.<br><br>Nombramiento de un/a Coordinador/a de la Implementación Local de la Estrategia de Promoción de la Salud y Prevención.<br><br>Establecimiento de un cronograma, que recoja las acciones de la Implementación Local.</h2></div>
</div>



<div class="wp-block-uagb-container uagb-block-31f655d0"><div class="wp-block-image">
<figure class="aligncenter size-full"><a href="https://www3.gobiernodecanarias.org/sanidad/scs/listaImagenes.jsp?idCarpeta=a0b57764-cbac-11e7-9918-b77912148850&amp;idDocument=d332db32-cae0-11e7-9ea5-b9b8b4166b63"><img loading="lazy" decoding="async" width="348" height="493" src="https://saludable.puertodelacruz.es/wp-content/uploads/2025/02/7a8b70_8bc5243b23c140669ee306facb7dffa4mv2-e1738794200171.png" alt="" class="wp-image-142" srcset="https://saludable.puertodelacruz.es/wp-content/uploads/2025/02/7a8b70_8bc5243b23c140669ee306facb7dffa4mv2-e1738794200171.png 348w, https://saludable.puertodelacruz.es/wp-content/uploads/2025/02/7a8b70_8bc5243b23c140669ee306facb7dffa4mv2-e1738794200171-212x300.png 212w" sizes="auto, (max-width: 348px) 100vw, 348px" /></a></figure>
</div>


<div class="wp-block-uagb-advanced-heading uagb-block-97ed7088"><h1 class="uagb-heading-text"><strong><mark style="background-color:rgba(0, 0, 0, 0)" class="has-inline-color has-theme-palette-7-color"><mark style="background-color:rgba(0, 0, 0, 0)" class="has-inline-color has-theme-palette-4-color"><strong><strong>Estrategia Canaria </strong><br><strong>«Islas y Municipios Promotores de la Salud»</strong></strong></mark></mark></strong></h1></div>
</div>
</div></div>



<div class="wp-block-uagb-separator uagb-block-3c76eefd"><div class="uagb-separator-spacing-wrapper"><div class="wp-block-uagb-separator__inner" style="--my-background-image:"></div></div></div>



<div class="wp-block-uagb-container uagb-block-b331be73 alignfull uagb-is-root-container"><div class="uagb-container-inner-blocks-wrap"></div></div>



<div class="wp-block-uagb-separator uagb-block-dbcf48d7"><div class="uagb-separator-spacing-wrapper"><div class="wp-block-uagb-separator__inner" style="--my-background-image:"></div></div></div>



<div class="wp-block-uagb-advanced-heading uagb-block-20b50e0f"><h2 class="uagb-heading-text">Estrategia de Salud Counitaria en Atención Primaria (2024-2025)</h2></div>



<div class="wp-block-uagb-separator uagb-block-8f777209"><div class="uagb-separator-spacing-wrapper"><div class="wp-block-uagb-separator__inner" style="--my-background-image:"></div></div></div>



<div class="wp-block-uagb-container uagb-block-4828c57d alignfull uagb-is-root-container"><div class="uagb-container-inner-blocks-wrap">
<div class="wp-block-uagb-container uagb-block-f2ccb238">
<div class="wp-block-uagb-image uagb-block-303bcf9b wp-block-uagb-image--layout-default wp-block-uagb-image--effect-static wp-block-uagb-image--align-none"><figure class="wp-block-uagb-image__figure"><a class="" href="https://www3.gobiernodecanarias.org/sanidad/scs/content/3d170247-013f-11ef-a2b0-b90a111b9f7d/SaludComunitariaCompleto.pdf" target="" rel="noopener"><img decoding="async" srcset="https://saludable.puertodelacruz.es/wp-content/uploads/2025/02/Captura-de-pantalla-2025-02-05-180930-723x1024.png ,https://saludable.puertodelacruz.es/wp-content/uploads/2025/02/Captura-de-pantalla-2025-02-05-180930.png 780w, https://saludable.puertodelacruz.es/wp-content/uploads/2025/02/Captura-de-pantalla-2025-02-05-180930.png 360w" sizes="auto, (max-width: 480px) 150px" src="https://saludable.puertodelacruz.es/wp-content/uploads/2025/02/Captura-de-pantalla-2025-02-05-180930-723x1024.png" alt="" class="uag-image-153" width="723" height="1024" title="Captura de pantalla 2025-02-05 180930" loading="lazy" role="img"/></a></figure></div>
</div>



<div class="wp-block-uagb-container uagb-block-d0d36658">
<div class="wp-block-uagb-advanced-heading uagb-block-8fead802"><h2 class="uagb-heading-text">Objetivo general</h2></div>



<div class="wp-block-uagb-advanced-heading uagb-block-73165000"><h2 class="uagb-heading-text">Reforzar la orientación comunitaria en AP, para avanzar en el desarrollo de enfoques preventivos para la promoción de la salud y el despliegue de iniciativas de participación comunitaria, en colaboración con la Dirección General de Salud Pública, el entorno local y otros sectores, como el social y el educativo.</h2></div>



<div class="wp-block-uagb-advanced-heading uagb-block-1d1ac162"><h2 class="uagb-heading-text">Objetivo específicos</h2></div>



<div class="wp-block-uagb-advanced-heading uagb-block-363003b7"><h2 class="uagb-heading-text">1. Implementar las medidas organizativas necesarias para integrar la orientación comunitaria en la actividad habitual de la AP de forma que su desarrollo sea sistemático.<br>2. Desarrollar los tres niveles de orientación comunitaria desde AP con un enfoque de equidad y considerando los determinantes sociales de la salud: abordaje biopsicosocial, educación para la salud y acción comunitaria.<br>3. Promover la disponibilidad de los recursos y herramientas necesarios para el desarrollo de la Estrategia de Salud Comunitaria en Atención Primaria.<br>4. Definir el marco de desarrollo del Programa Formativo en salud comunitaria dirigido a los profesionales de AP.</h2></div>
</div>
</div></div>



<div class="wp-block-uagb-separator uagb-block-03c4b32a"><div class="uagb-separator-spacing-wrapper"><div class="wp-block-uagb-separator__inner" style="--my-background-image:"></div></div></div>



<div class="wp-block-uagb-container uagb-block-e8bbd391 alignfull uagb-is-root-container"><div class="uagb-container-inner-blocks-wrap"></div></div>

<p>Sesión de la junta de gobierno local extraordinaria el día 19 de mayo de 2020 (expediente 5472/2020) adhesión a la estrategia de promoción de la salud y prevención en el Sistema Nacional de Salud Por unanimidad de sus miembros se  ACUERDA Aprobar la adhesión a la Estrategia de Promoción de la Salud y Prevención en&#8230;</p>

Sesión de la junta de gobierno local extraordinaria el día 19 de mayo de 2020 (expediente 5472/2020) adhesión a la estrategia de promoción de la salud y prevención en el Sistema Nacional de Salud Por unanimidad de sus miembros se  ACUERDA Aprobar la adhesión a la Estrategia de Promoción de la Salud y Prevención en...
