{"id":46,"date":"2025-02-05T11:42:41","date_gmt":"2025-02-05T10:42:41","guid":{"rendered":"https:\/\/saludable.puertodelacruz.es\/?page_id=46"},"modified":"2025-02-12T09:46:42","modified_gmt":"2025-02-12T08:46:42","slug":"nuevo-paradigma","status":"publish","type":"page","link":"https:\/\/saludable.puertodelacruz.es\/?page_id=46","title":{"rendered":"Nuevo Paradigma"},"content":{"rendered":"\n<h2 class=\"wp-block-heading has-text-align-center has-theme-palette-3-color has-text-color has-link-color has-larger-font-size wp-elements-444b1a59635c82d5fd889167fbff614d\" style=\"margin-bottom:0px\"><mark style=\"background-color:var(--global-palette5)\" class=\"has-inline-color\">EL NUEVO PARADIGMA<\/mark><\/h2>\n\n\n\n<p class=\"has-text-align-center\" style=\"font-size:17px\">\u201cPARTICIPAR PARA GANAR SALUD\u2026 POSITIVA\u201d<\/p>\n\n\n\n<hr class=\"wp-block-separator has-alpha-channel-opacity\"\/>\n\n\n\n<div class=\"wp-block-uagb-container uagb-block-e2068f91 alignfull uagb-is-root-container\"><div class=\"uagb-container-inner-blocks-wrap\">\n<div class=\"wp-block-uagb-container uagb-block-da88b293\"><\/div>\n\n\n\n<div class=\"wp-block-uagb-container uagb-block-83437e36\">\n<div class=\"wp-block-uagb-advanced-heading uagb-block-d0268a67\"><p class=\"uagb-heading-text\">No cabe duda de que se crea salud cuando nos preocupamos de nosotros mismos y de los dem\u00e1s, cuando somos capaces de tomar decisiones y controlar las circunstancias de nuestra vida. <br><br>La Organizaci\u00f3n Mundial de la Salud (OMS) define los Determinantes Sociales de la Salud (DSS) como las circunstancias en las que las personas nacen, crecen, viven, trabajan y envejecen, incluido el sistema de salud. Esas circunstancias son el resultado de la distribuci\u00f3n del dinero, el poder y los recursos a nivel mundial, nacional y local, que depende a su vez de las pol\u00edticas adoptadas. Ejemplos de DSS incluyen las pol\u00edticas del estado de bienestar, las condiciones de empleo y trabajo, los ingresos y situaci\u00f3n econ\u00f3mica, el entorno residencial, los servicios de salud y caracter\u00edsticas sociales como la clase, el g\u00e9nero, la edad, la etnia o el territorio.<br><br>La desigual distribuci\u00f3n de los DSS en la poblaci\u00f3n da como resultado la aparici\u00f3n de desigualdades sociales en salud, que son las diferencias en salud injustas, sistem\u00e1ticas y evitables entre grupos poblacionales definidos social, econ\u00f3mica, demogr\u00e1fica o geogr\u00e1ficamente.<br><br>Uno de los modelos m\u00e1s utilizados es el modelo de Dalghren y Whitehead de 1991, que situ\u00f3 las redes sociales y comunitarias y las condiciones socioecon\u00f3micas, culturales y ambientales en la g\u00e9nesis de la salud de los individuos, en un marco conceptual ecol\u00f3gico donde los determinantes individuales se integran con los colectivos.<\/p><\/div>\n<\/div>\n\n\n\n<div class=\"wp-block-uagb-container uagb-block-d894a2d9\"><\/div>\n<\/div><\/div>\n\n\n\n<div class=\"wp-block-uagb-separator uagb-block-6cfdc3f2\"><div class=\"uagb-separator-spacing-wrapper\"><div class=\"wp-block-uagb-separator__inner\" style=\"--my-background-image:\"><\/div><\/div><\/div>\n\n\n\n<div class=\"wp-block-uagb-image uagb-block-bc37e662 wp-block-uagb-image--layout-default wp-block-uagb-image--effect-static wp-block-uagb-image--align-none\"><figure class=\"wp-block-uagb-image__figure\"><img decoding=\"async\" srcset=\"https:\/\/saludable.puertodelacruz.es\/wp-content\/uploads\/2025\/02\/7a8b70_64aed6acf7374595b3740054d5065e85mv2.png ,https:\/\/saludable.puertodelacruz.es\/wp-content\/uploads\/2025\/02\/7a8b70_64aed6acf7374595b3740054d5065e85mv2.png 780w, https:\/\/saludable.puertodelacruz.es\/wp-content\/uploads\/2025\/02\/7a8b70_64aed6acf7374595b3740054d5065e85mv2.png 360w\" sizes=\"auto, (max-width: 480px) 150px\" src=\"https:\/\/saludable.puertodelacruz.es\/wp-content\/uploads\/2025\/02\/7a8b70_64aed6acf7374595b3740054d5065e85mv2.png\" alt=\"\" class=\"uag-image-165\" width=\"619\" height=\"421\" title=\"7a8b70_64aed6acf7374595b3740054d5065e85~mv2\" loading=\"lazy\" role=\"img\"\/><\/figure><\/div>\n\n\n\n<div class=\"wp-block-uagb-separator uagb-block-cd904027\"><div class=\"uagb-separator-spacing-wrapper\"><div class=\"wp-block-uagb-separator__inner\" style=\"--my-background-image:\"><\/div><\/div><\/div>\n\n\n\n<h2 class=\"wp-block-heading has-text-align-center has-theme-palette-3-color has-text-color has-link-color has-larger-font-size wp-elements-2d3f1c849a3d28151ba93f110ce1281f\" style=\"margin-bottom:var(--wp--preset--spacing--50)\"><mark style=\"background-color:var(--global-palette4)\" class=\"has-inline-color\">Modelo de la Comisi\u00f3n Nacional para reducir<br>las Desigualdades en Salud en Espa\u00f1a (2010).<\/mark><br><\/h2>\n\n\n\n<hr class=\"wp-block-separator has-alpha-channel-opacity\"\/>\n\n\n\n<div class=\"wp-block-uagb-container uagb-block-ccfb4585 alignfull uagb-is-root-container\"><div class=\"uagb-container-inner-blocks-wrap\">\n<div class=\"wp-block-uagb-container uagb-block-4f0caddd\"><\/div>\n\n\n\n<div class=\"wp-block-uagb-container uagb-block-2cbe996a\">\n<div class=\"wp-block-uagb-advanced-heading uagb-block-842f6ef2\"><p class=\"uagb-heading-text\">En 2008 se desarrolla el marco conceptual de los DSS por la OMS. En 2010 este marco de OMS fue adaptado en Espa\u00f1a por la Comisi\u00f3n Nacional para las Desigualdades en Salud, dando m\u00e1s peso a aspectos relacionados con el g\u00e9nero, el trabajo dom\u00e9stico y los cuidados o el entorno residencial.<\/p><\/div>\n\n\n\n<div class=\"wp-block-uagb-image uagb-block-164b390e wp-block-uagb-image--layout-default wp-block-uagb-image--effect-static wp-block-uagb-image--align-none\"><figure class=\"wp-block-uagb-image__figure\"><img decoding=\"async\" srcset=\"https:\/\/saludable.puertodelacruz.es\/wp-content\/uploads\/2025\/02\/ModeloComisionNacional.png ,https:\/\/saludable.puertodelacruz.es\/wp-content\/uploads\/2025\/02\/ModeloComisionNacional.png 780w, https:\/\/saludable.puertodelacruz.es\/wp-content\/uploads\/2025\/02\/ModeloComisionNacional.png 360w\" sizes=\"auto, (max-width: 480px) 150px\" src=\"https:\/\/saludable.puertodelacruz.es\/wp-content\/uploads\/2025\/02\/ModeloComisionNacional.png\" alt=\"\" class=\"uag-image-172\" width=\"600\" height=\"344\" title=\"ModeloComisionNacional\" loading=\"lazy\" role=\"img\"\/><\/figure><\/div>\n<\/div>\n\n\n\n<div class=\"wp-block-uagb-container uagb-block-d135bebc\"><\/div>\n<\/div><\/div>\n\n\n\n<div style=\"height:100px\" aria-hidden=\"true\" class=\"wp-block-spacer\"><\/div>\n\n\n\n<h2 class=\"wp-block-heading has-text-align-center has-theme-palette-3-color has-text-color has-link-color has-larger-font-size wp-elements-cc916eb8883580d9c2a4b6318bcd7757\" style=\"margin-bottom:var(--wp--preset--spacing--50)\"><mark style=\"background-color:var(--global-palette6)\" class=\"has-inline-color\">Politicas Saludables<br><\/mark><\/h2>\n\n\n\n<hr class=\"wp-block-separator has-alpha-channel-opacity\"\/>\n\n\n\n<div class=\"wp-block-uagb-container uagb-block-8d88fd9f alignfull uagb-is-root-container\"><div class=\"uagb-container-inner-blocks-wrap\">\n<div class=\"wp-block-uagb-container uagb-block-ce43cd2a\"><\/div>\n\n\n\n<div class=\"wp-block-uagb-container uagb-block-ce659e46\">\n<div class=\"wp-block-uagb-advanced-heading uagb-block-304dbefd\"><p class=\"uagb-heading-text\">Las acciones dirigidas a mejorar la salud deben actuar de manera m\u00e1s amplia y tener en cuenta los distintos factores y sectores implicados: las condiciones socio-econ\u00f3micas, culturales y ambientales y las actividades de los diferentes sectores (educaci\u00f3n, vivienda&#8230;.) que inciden en la vida y el trabajo de las personas, en sus relaciones sociales, en el apoyo social que reciben, y facilitan o impiden estilos, formas de vida saludables. <br><br>En la actualidad, el lugar donde vivimos afecta a nuestra salud y a nuestras posibilidades de tener una vida pr\u00f3spera, y por ello la promoci\u00f3n de la salud se basa en el desarrollo personal y social, por medio de la informaci\u00f3n, la educaci\u00f3n para la salud y la creaci\u00f3n de h\u00e1bitos de vida. <br><br>Por lo tanto la salud y su mantenimiento deben ser reconocidos desde las pol\u00edticas p\u00fablicas y en especial las locales como una inversi\u00f3n y un desaf\u00edo social importante abordando la faceta ecol\u00f3gica global de los modos de vida de sus ciudadanos\/as.<br><br>Es importante destacar que las pol\u00edticas locales de urbanismo, medioambiente, bienestar social, entre otras, influyen mucho en la salud de la poblaci\u00f3n. El municipio es el lugar por excelencia de convivencia y por ello tiene un papel esencial en la salud de las personas, siendo un lugar id\u00f3neo para articular una reorientaci\u00f3n de estas pol\u00edticas hacia la salud. Existen aspectos en el \u00e1mbito local que facilitan el desarrollo y promoci\u00f3n de la salud.<\/p><\/div>\n\n\n\n<div class=\"wp-block-uagb-image uagb-block-edac050f wp-block-uagb-image--layout-default wp-block-uagb-image--effect-static wp-block-uagb-image--align-none\"><figure class=\"wp-block-uagb-image__figure\"><img decoding=\"async\" srcset=\"https:\/\/saludable.puertodelacruz.es\/wp-content\/uploads\/2025\/02\/aerial-view-city-1024x574.jpg ,https:\/\/saludable.puertodelacruz.es\/wp-content\/uploads\/2025\/02\/aerial-view-city-scaled.jpg 780w, https:\/\/saludable.puertodelacruz.es\/wp-content\/uploads\/2025\/02\/aerial-view-city-scaled.jpg 360w\" sizes=\"auto, (max-width: 480px) 150px\" src=\"https:\/\/saludable.puertodelacruz.es\/wp-content\/uploads\/2025\/02\/aerial-view-city-1024x574.jpg\" alt=\"\" class=\"uag-image-448\" width=\"1024\" height=\"574\" title=\"aerial-view-city\" loading=\"lazy\" role=\"img\"\/><\/figure><\/div>\n\n\n\n<div class=\"wp-block-uagb-advanced-heading uagb-block-b3422213\"><p class=\"uagb-heading-text\">Una&nbsp;<strong>ciudad saludable<\/strong>&nbsp;es aquella que crea y&nbsp;<strong>mejora continuamente<\/strong>&nbsp;sus entornos f\u00edsicos y sociales y&nbsp;<strong>ampl\u00eda<\/strong>&nbsp;aquellos&nbsp;<strong>recursos<\/strong>&nbsp;de la&nbsp;<strong>comunidad<\/strong>&nbsp;que permiten el apoyo mutuo de las personas para realizar todas las funciones vitales y conseguir el desarrollo m\u00e1ximo de sus potencialidades.<br><br>Se puede inferir que las principales&nbsp;<strong>caracter\u00edsticas para una ciudad saludable<\/strong>&nbsp;son:<\/p><\/div>\n\n\n\n<div class=\"wp-block-uagb-advanced-heading uagb-block-8327a2db\"><p class=\"uagb-heading-text\">&#8211; Un entorno de alta calidad, limpio y seguro.<br>&#8211; Un&nbsp;<strong>ecosistema estable<\/strong>&nbsp;en el presente y sostenible a largo plazo<br>&#8211; Un&nbsp;<strong>alto grado de participaci\u00f3n<\/strong>&nbsp;y control por parte de la&nbsp;<strong>ciudadan\u00eda<\/strong>&nbsp;sobre decisiones que afecten a sus vidas, a su salud y a su bienestar.<br>&#8211; Un&nbsp;<strong>nivel \u00f3ptimo de salud<\/strong>&nbsp;apropiada y servicios sanitarios asequibles para todos\/as.<\/p><\/div>\n\n\n\n<div class=\"wp-block-uagb-advanced-heading uagb-block-fcdbb10a\"><p class=\"uagb-heading-text\">Para ello el&nbsp;<strong>desarrollo de las pol\u00edticas de salud<\/strong>, deben contemplar, la elaboraci\u00f3n de planes intersectoriales locales y accesibles para concienciar a la poblaci\u00f3n sobre los beneficios de una dieta sana, el consumo responsable de alcohol y la prevenci\u00f3n del abuso de alcohol y drogas. Adoptar vida activa, actividad f\u00edsica y movilidad f\u00e1cil como tema clave en las pol\u00edticas y los planes de desarrollo. Concienciar a la poblaci\u00f3n y desarrollar programas de apoyo sobre la vida en salud para grupos sociales vulnerables, e introducirlos en los entornos m\u00e1s frecuentados (colegios, barrios, lugares de trabajo).<br><br>Unido a ello la promoci\u00f3n de la salud no solo se puede basar en recursos y estructuras tangibles, sino tambi\u00e9n a trav\u00e9s de la concienciaci\u00f3n p\u00fablica y pol\u00edtica sobre salud y la participaci\u00f3n comunitaria.<br><br>En definitiva, una&nbsp;<strong>pol\u00edtica saludable es aquella que utiliza la direcci\u00f3n y los recursos de la Corporaci\u00f3n Local para crear entornos para la vida diaria de los ciudadanos desde un modelo de salud positiva<\/strong>&nbsp;donde los procesos de intervenci\u00f3n comunitaria en promoci\u00f3n de la salud aportan herramientas que parten del bienestar de las personas y de los grupos, y no de sus problemas, incorporando los recursos que tiene una comunidad en procesos de cambio social.<\/p><\/div>\n<\/div>\n\n\n\n<div class=\"wp-block-uagb-container uagb-block-1af0bd17\"><\/div>\n<\/div><\/div>\n","protected":false},"excerpt":{"rendered":"<p>EL NUEVO PARADIGMA \u201cPARTICIPAR PARA GANAR SALUD\u2026 POSITIVA\u201d No cabe duda de que se crea salud cuando nos preocupamos de nosotros mismos y de los dem\u00e1s, cuando somos capaces de tomar decisiones y controlar las circunstancias de nuestra vida. La Organizaci\u00f3n Mundial de la Salud (OMS) define los Determinantes Sociales de la Salud (DSS) como&#8230;<\/p>\n","protected":false},"author":1,"featured_media":0,"parent":0,"menu_order":0,"comment_status":"closed","ping_status":"closed","template":"","meta":{"_uag_custom_page_level_css":"","_kad_post_transparent":"","_kad_post_title":"","_kad_post_layout":"","_kad_post_sidebar_id":"","_kad_post_content_style":"","_kad_post_vertical_padding":"","_kad_post_feature":"","_kad_post_feature_position":"","_kad_post_header":false,"_kad_post_footer":false,"footnotes":""},"class_list":["post-46","page","type-page","status-publish","hentry"],"uagb_featured_image_src":{"full":false,"thumbnail":false,"medium":false,"medium_large":false,"large":false,"1536x1536":false,"2048x2048":false},"uagb_author_info":{"display_name":"admin","author_link":"https:\/\/saludable.puertodelacruz.es\/?author=1"},"uagb_comment_info":0,"uagb_excerpt":"EL NUEVO PARADIGMA \u201cPARTICIPAR PARA GANAR SALUD\u2026 POSITIVA\u201d No cabe duda de que se crea salud cuando nos preocupamos de nosotros mismos y de los dem\u00e1s, cuando somos capaces de tomar decisiones y controlar las circunstancias de nuestra vida. La Organizaci\u00f3n Mundial de la Salud (OMS) define los Determinantes Sociales de la Salud (DSS) como...","_links":{"self":[{"href":"https:\/\/saludable.puertodelacruz.es\/index.php?rest_route=\/wp\/v2\/pages\/46","targetHints":{"allow":["GET"]}}],"collection":[{"href":"https:\/\/saludable.puertodelacruz.es\/index.php?rest_route=\/wp\/v2\/pages"}],"about":[{"href":"https:\/\/saludable.puertodelacruz.es\/index.php?rest_route=\/wp\/v2\/types\/page"}],"author":[{"embeddable":true,"href":"https:\/\/saludable.puertodelacruz.es\/index.php?rest_route=\/wp\/v2\/users\/1"}],"replies":[{"embeddable":true,"href":"https:\/\/saludable.puertodelacruz.es\/index.php?rest_route=%2Fwp%2Fv2%2Fcomments&post=46"}],"version-history":[{"count":30,"href":"https:\/\/saludable.puertodelacruz.es\/index.php?rest_route=\/wp\/v2\/pages\/46\/revisions"}],"predecessor-version":[{"id":457,"href":"https:\/\/saludable.puertodelacruz.es\/index.php?rest_route=\/wp\/v2\/pages\/46\/revisions\/457"}],"wp:attachment":[{"href":"https:\/\/saludable.puertodelacruz.es\/index.php?rest_route=%2Fwp%2Fv2%2Fmedia&parent=46"}],"curies":[{"name":"wp","href":"https:\/\/api.w.org\/{rel}","templated":true}]}}