{"id":49,"date":"2025-02-05T11:42:42","date_gmt":"2025-02-05T10:42:42","guid":{"rendered":"https:\/\/saludable.puertodelacruz.es\/?page_id=49"},"modified":"2025-02-12T10:33:24","modified_gmt":"2025-02-12T09:33:24","slug":"planificacion-del-proceso","status":"publish","type":"page","link":"https:\/\/saludable.puertodelacruz.es\/?page_id=49","title":{"rendered":"Planificaci\u00f3n del proceso"},"content":{"rendered":"\n<div class=\"wp-block-uagb-container uagb-block-bacde1d9 alignfull uagb-is-root-container\"><div class=\"uagb-container-inner-blocks-wrap\">\n<header class=\"wp-block-uagb-advanced-heading uagb-block-545b438a\"><h2 class=\"uagb-heading-text\">\u00bfQu\u00e9 \u00e1reas de promoci\u00f3n de la Salud nos conectan?<\/h2><\/header>\n<\/div><\/div>\n\n\n\n<h2 class=\"wp-block-heading has-text-align-center has-theme-palette-3-color has-text-color has-link-color has-larger-font-size wp-elements-3735771a6fe38fcc3fde2b54fba43c23\" style=\"margin-bottom:0px\"><mark style=\"background-color:var(--global-palette5)\" class=\"has-inline-color\"><strong>\u00c1REAS PPPS LA SALUD PCS<\/strong><\/mark><\/h2>\n\n\n\n<hr class=\"wp-block-separator has-alpha-channel-opacity\" style=\"margin-top:var(--wp--preset--spacing--50);margin-bottom:var(--wp--preset--spacing--50)\"\/>\n\n\n\n<div class=\"wp-block-uagb-container uagb-block-ff68eaf4 alignfull uagb-is-root-container\"><div class=\"uagb-container-inner-blocks-wrap\">\n<div class=\"wp-block-uagb-container uagb-block-7ec3d720\">\n<div class=\"wp-block-uagb-advanced-heading uagb-block-de77b733\"><h2 class=\"uagb-heading-text\">1. Promoci\u00f3n de h\u00e1bitos saludables: alimentaci\u00f3n, actividad f\u00edsica y deportes.<br>2. Prevenci\u00f3n y abordaje de adicciones: sustancias y comportamientos.<br>3. Salud sexual, reproductiva y prevenci\u00f3n de ITS y VIH.<br>4. Fomento del bienestar emocional y la salud mental.<br>5. Cuidado integral de la infancia, salud maternal y parentalidad positiva.<br>6. Impulso del envejecimiento activo y saludable.<br>7. Atenci\u00f3n integral a enfermedades cr\u00f3nicas, discapacidad y dependencia.<br>8. Fortalecimiento de la participaci\u00f3n comunitaria y las relaciones saludables.<br>9. Desarrollo de entornos urbanos saludables y equipamientos promotores de salud.<br>10. Protecci\u00f3n de la salud medioambiental y bienestar animal.<br>11. Promoci\u00f3n de transporte y movilidad sostenible.<br>12. Salud laboral y prevenci\u00f3n de riesgos y accidentes.<\/h2><\/div>\n<\/div>\n<\/div><\/div>\n\n\n\n<div class=\"wp-block-uagb-container uagb-block-2580aeab alignfull uagb-is-root-container\"><div class=\"uagb-container-inner-blocks-wrap\"><\/div><\/div>\n","protected":false},"excerpt":{"rendered":"<p>\u00bfQu\u00e9 \u00e1reas de promoci\u00f3n de la Salud nos conectan? \u00c1REAS PPPS LA SALUD PCS 1. Promoci\u00f3n de h\u00e1bitos saludables: alimentaci\u00f3n, actividad f\u00edsica y deportes.2. Prevenci\u00f3n y abordaje de adicciones: sustancias y comportamientos.3. Salud sexual, reproductiva y prevenci\u00f3n de ITS y VIH.4. Fomento del bienestar emocional y la salud mental.5. Cuidado integral de la infancia, salud&#8230;<\/p>\n","protected":false},"author":1,"featured_media":0,"parent":0,"menu_order":0,"comment_status":"closed","ping_status":"closed","template":"","meta":{"_uag_custom_page_level_css":"","_kad_post_transparent":"","_kad_post_title":"","_kad_post_layout":"","_kad_post_sidebar_id":"","_kad_post_content_style":"","_kad_post_vertical_padding":"","_kad_post_feature":"","_kad_post_feature_position":"","_kad_post_header":false,"_kad_post_footer":false,"footnotes":""},"class_list":["post-49","page","type-page","status-publish","hentry"],"uagb_featured_image_src":{"full":false,"thumbnail":false,"medium":false,"medium_large":false,"large":false,"1536x1536":false,"2048x2048":false},"uagb_author_info":{"display_name":"admin","author_link":"https:\/\/saludable.puertodelacruz.es\/?author=1"},"uagb_comment_info":0,"uagb_excerpt":"\u00bfQu\u00e9 \u00e1reas de promoci\u00f3n de la Salud nos conectan? \u00c1REAS PPPS LA SALUD PCS 1. Promoci\u00f3n de h\u00e1bitos saludables: alimentaci\u00f3n, actividad f\u00edsica y deportes.2. Prevenci\u00f3n y abordaje de adicciones: sustancias y comportamientos.3. Salud sexual, reproductiva y prevenci\u00f3n de ITS y VIH.4. Fomento del bienestar emocional y la salud mental.5. Cuidado integral de la infancia, salud...","_links":{"self":[{"href":"https:\/\/saludable.puertodelacruz.es\/index.php?rest_route=\/wp\/v2\/pages\/49","targetHints":{"allow":["GET"]}}],"collection":[{"href":"https:\/\/saludable.puertodelacruz.es\/index.php?rest_route=\/wp\/v2\/pages"}],"about":[{"href":"https:\/\/saludable.puertodelacruz.es\/index.php?rest_route=\/wp\/v2\/types\/page"}],"author":[{"embeddable":true,"href":"https:\/\/saludable.puertodelacruz.es\/index.php?rest_route=\/wp\/v2\/users\/1"}],"replies":[{"embeddable":true,"href":"https:\/\/saludable.puertodelacruz.es\/index.php?rest_route=%2Fwp%2Fv2%2Fcomments&post=49"}],"version-history":[{"count":21,"href":"https:\/\/saludable.puertodelacruz.es\/index.php?rest_route=\/wp\/v2\/pages\/49\/revisions"}],"predecessor-version":[{"id":489,"href":"https:\/\/saludable.puertodelacruz.es\/index.php?rest_route=\/wp\/v2\/pages\/49\/revisions\/489"}],"wp:attachment":[{"href":"https:\/\/saludable.puertodelacruz.es\/index.php?rest_route=%2Fwp%2Fv2%2Fmedia&parent=49"}],"curies":[{"name":"wp","href":"https:\/\/api.w.org\/{rel}","templated":true}]}}